+ 38*w**2 + 28*w - 6. Let d be m(23). What is the greatest common factor of d and 27?
27
Let v(u) = -18*u + 1126. Let z be v(21). What is the highest common factor of z and 264?
44
Let c = -50 + 182. Let r be 1 + (0/(-3) - 11). Let t be (24/r)/((-36)/1320). Calculate the greatest common divisor of t and c.
44
Let m be 3 + -9 + 4 - -153. Let y be (2 + 5 - 3) + (m - 0). Calculate the highest common factor of 124 and y.
31
Suppose 0 = -122*j - 122*j + 260104. What is the highest common divisor of j and 2378?
82
Let o = 5887 - 5691. Calculate the highest common divisor of o and 1554.
14
Let w(g) = 65*g - 176. Let b(n) = 31*n - 88. Let s(j) = -13*b(j) + 6*w(j). Let u be s(-20). Calculate the highest common factor of u and 12.
12
Suppose -5*p + i = -251, 22*p = 20*p - 2*i + 110. Calculate the highest common divisor of 5355 and p.
51
Let h(g) = 3*g**2 - 60*g + 26. Let p be h(20). Suppose 49 = f + 2*f - 4*r, -2*f + p = 4*r. Calculate the greatest common factor of f and 25.
5
Let v(g) = 28*g**3 + 63*g - 130. Let y be v(2). What is the greatest common divisor of y and 700?
20
Let i(v) = v**2 + v + 169. Let n be i(0). Let h = 193959 - 193907. Calculate the greatest common divisor of n and h.
13
Suppose -p + 1039 = 2*d - 0*d, 5237 = 5*p - 4*d. Suppose 0 = -5*v + b + p, 3*b - 7*b = 3*v - 604. Calculate the highest common factor of v and 16.
16
Suppose 0 = 23*a - 13*a - 11960. Calculate the greatest common factor of a and 368.
92
Suppose 4*m + 2*n - 10 = 0, -604 = -n - 609. Calculate the greatest common factor of m and 28.
1
Let o = 29654 + -14126. What is the greatest common divisor of 24 and o?
24
Suppose -8 = -4*h + 3*h. Suppose 6*v = 2*v + 288. Calculate the highest common divisor of h and v.
8
Let u = -55 - -88. Let g = 507 - 144. Calculate the highest common factor of u and g.
33
Suppose -3*t - 3*q = -1380, q + 1219 + 631 = 4*t. What is the highest common factor of t and 126?
42
Let j(w) = 23*w**2 - 2*w + 30. Let q be j(-5). What is the highest common factor of 45 and q?
15
Suppose -756 = -2*m + 4*b, 369 = -9*m + 10*m - 5*b. Suppose -9 = -3*x, 37*x - 40*x + m = n. What is the greatest common factor of n and 15?
15
Let s = -823 - -915. Let l be 0 + -2 + 3 + 1. Suppose 3*j + i = s, -l*j = i - 3*i - 56. Calculate the highest common factor of 6 and j.
6
Suppose 929 = 3*m - a, -a - 21 = 5*m - 1564. What is the highest common divisor of m and 135?
3
Let l = 314 - 319. Let u be (-209)/l + 9/45. Calculate the highest common factor of 70 and u.
14
Let v = 17887 - 17412. Calculate the highest common divisor of v and 855.
95
Suppose -b + 53 = 37. Suppose 20*k - 8 = b*k. Calculate the greatest common factor of 16 and k.
2
Let p be 7504/48 - (-2)/3. Suppose -6 = -5*u - 4*a + p, -85 = -2*u + 5*a. Let f be 2/1 + 5*1. Calculate the highest common divisor of f and u.
7
Let w = -3666 + 3693. Calculate the greatest common factor of w and 1143.
9
Let v(z) = z**2 + 13*z + 29. Let w be v(-10). Let a be 16/14 + 4/(28*w). Let j = -19 + 20. What is the highest common factor of j and a?
1
Let v = -192 - -194. Suppose -5 = 5*n, 0 = -v*h + 6*h - 2*n - 242. What is the greatest common divisor of h and 456?
12
Let l = 12110 + -9134. Calculate the greatest common divisor of 96 and l.
96
Let b = -51 + 189. Suppose 140*f - b*f - 472 = 0. Calculate the greatest common factor of 4 and f.
4
Let a = 2916 + -2790. Calculate the highest common divisor of 28 and a.
14
Suppose 6*f = -3*f + 1152. Let h be 59 + 1 + -2 + 1. Let w = 91 - h. What is the highest common divisor of f and w?
32
Suppose 5*b - 5 = 5*f + 5, 0 = -5*f. Let t(h) = -1 + 7*h**3 - 5*h**2 - 1 - h**3 - h**3 + 6*h. Let z be t(b). Calculate the greatest common divisor of 10 and z.
10
Suppose -4*m + 20 = 0, i + 4 = -2*m - 20. Let d(c) = -c**3 - 31*c**2 + 91*c - 45. Let f be d(i). What is the highest common divisor of f and 7?
7
Suppose -3*y = t - 6*t + 31278, 3*t - 18767 = 2*y. What is the highest common divisor of t and 360?
45
Let p be (-274)/(-4) + 75/(-50). Suppose -2*z + p = -k, 0*z = 5*z - 2*k - 166. What is the greatest common divisor of 16 and z?
16
Let v be 586 - (-3 - 11) - -12. What is the greatest common divisor of 2907 and v?
153
Suppose -24*t - 1080 = -29*t. Suppose -11*m + 1584 = 22*m. What is the highest common divisor of t and m?
24
Let i = -46 - -28. Let z = 22 + i. Suppose 0 = -z*r - 10 + 62. Calculate the highest common factor of 13 and r.
13
Let s be ((-3582)/(-126) - 5)*(1 - -6). Let d = -5 - -46. Calculate the highest common divisor of d and s.
41
Suppose 2*t = -5*o + 22558, -o = -105*t + 107*t - 4502. What is the greatest common factor of 148 and o?
74
Let f be (60571/35 + -11)*(-10)/(-4) + 1. What is the highest common divisor of f and 8?
4
Let a = -5405 + 8050. What is the greatest common divisor of a and 5?
5
Let s(x) = -58*x + 24. Let r be s(-4). Let g = 298 - r. What is the greatest common factor of 12 and g?
6
Suppose -96*a = -100*a + 8. Suppose a*g - 5*g - 3*n + 57 = 0, 58 = 2*g - 2*n. Let h be 10/3*36/15. What is the highest common factor of g and h?
8
Let n(m) = -m**3 + 5*m**2 + 23*m - 63. Let h be n(7). Let k be 1 + h + 27950/43. What is the greatest common factor of k and 62?
31
Let j be (-1034)/188*(-48)/33. What is the highest common divisor of 19208 and j?
8
Let i(x) = -58*x + 308. Let q be i(-5). What is the highest common divisor of q and 65?
13
Suppose -36*s + 1583 = 611. Let d be (4/(-4))/(1/(-3)). Let k(a) = a**2 - 3*a + 3. Let w be k(d). Calculate the highest common divisor of w and s.
3
Let p be (-37)/6 + 59/354. Let f be (4 + -5)/(p/78). What is the highest common divisor of f and 65?
13
Let o(p) = -p**3 + 31*p**2 + 61*p - 13. Let y be o(33). Let x = y + 332. Calculate the greatest common factor of 84 and x.
14
Let p be (-101 - -8)*-41 + (-2 - 1) + 1. What is the highest common divisor of p and 37?
37
Let y(m) = 18*m + 65. Let d be y(5). Let t be d/13 + 7/91. What is the highest common factor of 4 and t?
4
Suppose 4*o = -5*p + 1012, 299 = -5*o + 3*p + 1564. Let s = o - 190. Calculate the highest common divisor of s and 36.
9
Suppose -15597 = -82*p + 17859. Calculate the highest common divisor of p and 888.
24
Suppose 25 = 24*o - 29*o. Let f be (-27)/o - (-3)/(30/(-4)). Suppose r - 13 = 3*s, -r = 3*r - f*s - 38. Calculate the highest common factor of r and 35.
7
Suppose g = -3*q - 6 + 32, 30 = 3*g - 3*q. Suppose -1656 = g*t - 8236. Let v be (-1)/(2/(-94))*1. Calculate the greatest common factor of v and t.
47
Let t be (762/(-4))/((-15)/10). Let h = -64 + t. What is the greatest common divisor of 9 and h?
9
Let y(l) = -2*l - 5. Let u be y(-8). Let g be 0 - 10*3/(-2). Let t = g - -106. Calculate the highest common factor of u and t.
11
Suppose 0 = -2*z - 5*b + 257, 3*z = 4*b + b + 423. Suppose -6*x + 68 = -z. Let m = 144 + -93. What is the highest common divisor of x and m?
17
Suppose 28*h + 34*h - 2079 = 53*h. What is the greatest common factor of 35 and h?
7
Suppose -3*g - 39 = -q, 0 = 4*q - 9*q + 2*g + 182. Let s = 42 + -36. Suppose 3*a = s*a - 12. Calculate the highest common divisor of a and q.
4
Let w be 27 - ((-40)/(-1))/5. What is the highest common factor of w and 2071?
19
Let g = -1576 - -2503. What is the greatest common factor of g and 824?
103
Let m = 733 + -732. Let q be (98/21 - m)*3. Suppose -4*s - 2*j = -s - 95, 4*j + 8 = 0. Calculate the greatest common factor of s and q.
11
Suppose -4*q = 8, 5*q - 3682 - 1896 = -4*m. Calculate the greatest common divisor of m and 254.
127
Let t be (12/10)/(6/10410). Calculate the greatest common divisor of 48 and t.
6
Suppose x - 14 = -2*u, -5*u - 160 = -11*x + 6*x. What is the highest common factor of x and 58?
2
Suppose -3*z - 6 = -2*v + 6, 58 = 5*v - 4*z. What is the highest common factor of 5292 and v?
18
Suppose -14*w + 2640 = 16*w. Let i be 3 + (2 + -5 - -5). Suppose 0 = i*j - c - 92, c = -4*j - j + w. Calculate the greatest common factor of j and 9.
9
Suppose -3*r + 53 = f, -10*f - 3*r = -14*f + 257. What is the greatest common divisor of 1054 and f?
62
Let d(z) = z**3 + 24*z**2 - 3*z - 69. Let n be d(-24). Suppose 2*v = n*j + 1555, 0*v - j = -4*v + 3125. Calculate the highest common divisor of v and 34.
34
Suppose 30*w - 31*w - 467 = -3*p, -2 = w. What is the highest common factor of p and 1333?
31
Let s = -7228 + 8073. Wha